2*p + 3*n = 24, -m*n = -9*n. What are the prime factors of p?
2, 3
Suppose 3*x - 30 = -2*w - w, x = 4*w - 25. Let s(g) = 0 + 3*g - 2 + 0*g. What are the prime factors of s(w)?
19
Let z be 18/3*4/6. Suppose 2*d - 64 = -2*s - 2*d, 2*d - 104 = -3*s. Suppose -z*a = -a - s. List the prime factors of a.
2, 3
Suppose 3*v - 19 = -7. Suppose -5*d - 10 = 0, 0*l = -l - v*d - 6. List the prime factors of l.
2
Let d be -20*(-2 + 8/5). Let r = d - 5. List the prime factors of r.
3
Let x(r) = 5*r - 10. Let g(w) = 4*w - 9. Let d(u) = -6*g(u) + 5*x(u). Let s be d(-5). List the prime factors of 8 - 0/(-2) - s.
3
Suppose 3*h - 4*h = -2. Suppose 2*u - 17 = -3*t, h*u + 0*t = -5*t + 11. List the prime factors of u.
13
Let i(f) = -10*f**3 - 2*f**2 + 2*f - 1. Let g be i(1). Let w be 8/(0 + (-2)/4). Let j = g - w. What are the prime factors of j?
5
Suppose -3*f + 7*f = 12. Suppose y - 5*d - 27 = 0, 2*y - 3*d + 5*d = -6. Suppose y*p = f*p - 8. What are the prime factors of p?
2
Let s be 2/((-16)/12)*4. What are the prime factors of (-17)/s + 3/18?
3
Let u(a) = -18*a. Let o be u(-3). Suppose 2*d = -d - o. Let p = 26 + d. What are the prime factors of p?
2
Suppose 3*o - 50 = -5. List the prime factors of o.
3, 5
Let n be 2/(-10) - 12/(-10). Suppose 0 = -h + 3*h - 20. Suppose -w - n = -h. List the prime factors of w.
3
List the prime factors of (-95)/3*((6 - 4) + -5).
5, 19
Let a be (-1)/(3/((-36)/2)). Let f be (-8)/(-3) + 2/a. Suppose 0 = -f*i + i + 20. What are the prime factors of i?
2, 5
Suppose 3*f - 76 = -f. Let h = -12 + f. What are the prime factors of h?
7
Let f(m) = m**2. Let b = -5 - -9. List the prime factors of f(b).
2
Let l(h) = -h**2 - 6*h + 10. Let t be l(-9). Suppose -4*g + g - 18 = 0. List the prime factors of g/2 + (2 - t).
2
Suppose -6*a + 56 = -2*u - a, -80 = 4*u - 2*a. Let j = u - -41. List the prime factors of j.
23
Suppose 9*m + 56 = 11*m. What are the prime factors of m?
2, 7
Suppose 0 = -4*z - 0*h + h + 12, 0 = -z + 2*h + 10. What are the prime factors of z?
2
Suppose -17*h + 1356 = -13*h. List the prime factors of h.
3, 113
Let y(p) = p. Let l be y(-2). Let k = l - 0. What are the prime factors of -11*-2*(-1)/k?
11
Let a(c) = -3 + 2*c - 4*c**2 - 5*c - c**3 + 0*c - 2*c. What are the prime factors of a(-3)?
3
Suppose 0 = 5*u - 22 - 3. Let m = u + 8. What are the prime factors of m?
13
Let k = 91 + -51. Let q = -27 + k. What are the prime factors of q?
13
Let m = 34 + -19. Suppose y + m = 4*y. What are the prime factors of y?
5
Let c be 0 + -2 + (-1 - -3). Let m be -6 + c/(1/1). Let x = 17 + m. What are the prime factors of x?
11
Let r = 11 + -7. Suppose r = -u + 2*u. Suppose -22 - u = -2*m. List the prime factors of m.
13
Let l(x) = 4*x + 1. Let r be l(3). Let y be r*(2 + -1) + 1. Let z = y - 9. List the prime factors of z.
5
Let d(s) = -2*s**2 + s. Let g be 3*(-2)/(-6)*-3. Let q be d(g). Let u = -13 - q. List the prime factors of u.
2
Let z(o) = -23*o - 1. Suppose 0 = -8*g + 3*g + 5. Let w be z(g). What are the prime factors of w/18*(-21)/2?
2, 7
Suppose 5*w = -0*w - 50. Let x = 16 - w. Suppose x - 81 = -5*o. List the prime factors of o.
11
List the prime factors of (246/(-4) - -1)*-2.
11
Let q = -25 + 13. Let h be 2/3 + q/(-9). Suppose -h*m = -4*m + 18. List the prime factors of m.
3
Suppose -511 = -5*d - 4*w, 2*d = 5*d + 5*w - 317. What are the prime factors of d?
3, 11
Suppose -3*s + 5*w + 200 = w, 125 = 2*s - w. What are the prime factors of s?
2, 3, 5
Let f(d) = -3*d + 4. Let u(q) = q**2 - 10*q + 9. Let s be u(9). Let v be -3 - -1 - (s + 1). What are the prime factors of f(v)?
13
Let n be 1 - (1 - 0 - 8). Suppose q - u + n = 0, 3*u + 0*u = -4*q + 3. Let i = 1 - q. What are the prime factors of i?
2
Let z(g) = -10*g - 41. What are the prime factors of z(-9)?
7
Let i(m) = -3*m + 0*m**3 + 3*m**2 + m**3 + 1 - 5*m**2. Let d be i(3). Let b = 11 - d. List the prime factors of b.
2, 5
Suppose 5*s - 712 = -87. List the prime factors of s.
5
Let a(p) = 1745*p**3 + p - 1. Let h be a(1). What are the prime factors of 2/13 + h/65?
3
Suppose 5*j - 5 = -f, 2*j = -f - 0*j + 5. Let i(v) = -v + 1. Let r be i(-2). Let a = f - r. List the prime factors of a.
2
Let u(h) = -9*h**3 + h**2 + h + 1. What are the prime factors of u(-2)?
3, 5
Let b = -3 - -7. Suppose -3*r = -b*m + 40, 2*m - m + 4*r - 10 = 0. Suppose 0 = -3*p + m + 5. List the prime factors of p.
5
Let o(c) = -2*c - 5. Let g be o(6). Let m be 0 + -2*58/(-4). Let k = m + g. What are the prime factors of k?
2, 3
Suppose -g - g = 0. Suppose -3*w + 6 = g, -2*c + 2*w + 44 = 14. List the prime factors of c.
17
Let i(o) = 19*o - 23. What are the prime factors of i(9)?
2, 37
What are the prime factors of -5 + 1 + (32 - 1)?
3
Suppose 0 = 4*d - 54 - 86. List the prime factors of ((-14)/d)/(1/(-40)).
2
Let i(m) = 2*m + 9. Let l be (-3)/9 - 25/(-3). Let o be i(l). Suppose -5*f + 50 = -3*s + 8*s, -2*f - 3*s + o = 0. List the prime factors of f.
5
Suppose -6*h = -2*h - 572. What are the prime factors of h?
11, 13
Suppose 0 = -2*v + 15 + 29. List the prime factors of v.
2, 11
Let y(x) = -x**2 - 6*x - 3. Let s be y(-5). Suppose s*z + 4*t + 24 = 76, -5*z + 2*t + 118 = 0. Suppose 4*o - z = -4. List the prime factors of o.
5
List the prime factors of (-5 - -10) + 3*9.
2
Let k(h) = -11*h - 19. Suppose -4*s + 30 = -4*q - 2*s, -2*s = 4*q + 18. List the prime factors of k(q).
47
Let l = -12 - -268. List the prime factors of l.
2
Suppose -u = a - 4*a - 1, -9 = 3*a. Let y(k) = -2*k**2 - 7*k - 7. Let o be y(-5). Let v = u - o. What are the prime factors of v?
2, 7
Suppose -2 = 5*k + 123. Let q = k + 55. Suppose 6*n - q = n. What are the prime factors of n?
2, 3
Suppose -j = -3*f + 11, -2*f + 1 = -4*j - 3. Let o be (-4)/18 + (-166)/(-18). Suppose o = f*n + 1. What are the prime factors of n?
2
Let r(g) = -g**2 + g + 6. Let h be r(0). What are the prime factors of (h/(-4))/(9/(-96))?
2
Suppose -38*m + 9 = -37*m. What are the prime factors of m?
3
Suppose 0 = 2*p - 17 - 23. What are the prime factors of p?
2, 5
Let w(a) be the second derivative of -a**3/3 + a**2 + 2*a. Let o be w(-3). What are the prime factors of 4/2 + 0 + o?
2, 5
Let u be (-34)/(-4) - 1/(-2). Let x be (-3)/u + 16/3. Suppose -4*b + b = x*r - 11, -22 = -4*r + 2*b. What are the prime factors of r?
2
Let a be 1 - 5/(-1) - -1. List the prime factors of 72/a - (-10)/(-35).
2, 5
Let i be 0/(2 + -2 + 2). Let r(s) = i*s**2 + 5 - s**2 + 0 + 9*s. What are the prime factors of r(8)?
13
Suppose -3*p = -3*n - 837, -3*n + 565 = -4*p + 1685. List the prime factors of p.
283
Suppose 0 = -o - 3 + 6. Suppose -5 = 5*y, o*t = 2*y + 7 + 7. List the prime factors of t.
2
Let d(r) = -7*r**3 - 8*r**2 + 14*r - 7. Let a(n) = 3*n**3 + 4*n**2 - 7*n + 3. Let k(f) = -5*a(f) - 2*d(f). What are the prime factors of k(-6)?
29
Suppose 0 = -n + 6 + 45. List the prime factors of n.
3, 17
Suppose -4*a + 0*a = 3*b + 6, -3*b + 3*a + 15 = 0. Suppose -u + 0*l + 22 = -2*l, l + b = 0. What are the prime factors of u?
2, 3
Let c = 484 - 262. List the prime factors of c.
2, 3, 37
Let m = -77 - -279. List the prime factors of m.
2, 101
Suppose 3*o + 2*o - 25 = 0. Suppose 0*x = o*x - 135. List the prime factors of x.
3
Let k(q) = q - 5. Let o be k(6). List the prime factors of (o/1)/((-2)/(-16)).
2
Suppose 6*t + 2 = t + 2*g, 3*t + 4 = 4*g. Suppose -j = -v + 14, v + j - 14 = -t*v. List the prime factors of v.
2, 7
Suppose -4*f = 2*c - 332, -4*f + 3*f + 685 = 4*c. List the prime factors of c.
2, 43
Suppose j = -3*j + 16. Suppose -j*g + 8*g = 0. Suppose -3*f - 5*o = 5 - 4, -4*f + 2*o + 16 = g. What are the prime factors of f?
3
Let h(o) = -o - 8 - 3*o + 1. List the prime factors of h(-5).
13
Let n(x) = x**3 + 18*x**2 + 3*x - 13. What are the prime factors of n(-5)?
3, 11
Let v be (-35)/(1*(-2 - -1)). Let n = v + -60. List the prime factors of (10/n)/(1/(-10)).
2
Suppose -p - 3*p = 72. What are the prime factors of 2144/72 + (-4)/p?
2, 3, 5
Let n = 14 - 12. Suppose -27 = -3*w - 4*b, -9 = n*b - 5*b. List the prime factors of w.
5
Let o = -71 - -33. Let g = -22 - o. Suppose 0 = -4*m + 2*i - 6*i + g, i + 3 = 0. List the prime factors of m.
7
Let x = -3 + 2. Let b(p) = 42*p**2 - 1. List the prime factors of b(x).
41
Suppose -23*p = -26*p + 81. Suppose 92 = 4*k - l, 2*l - p = 3*k - 101. What are the prime factors